{"id":1094,"date":"2019-03-13T17:16:04","date_gmt":"2019-03-13T16:16:04","guid":{"rendered":"https:\/\/paroisse-notredamedelourdes-argenteuil.fr\/?page_id=1094"},"modified":"2021-12-04T21:36:51","modified_gmt":"2021-12-04T20:36:51","slug":"plan-du-site","status":"publish","type":"page","link":"https:\/\/ndl95.fr\/fr_fr\/plan-du-site","title":{"rendered":"Plan du site"},"content":{"rendered":"<h1>Plan du site<\/h1>\n<p><a href=\"https:\/\/ndl95.fr\/\">Accueil<\/a><br \/>\n<a href=\"https:\/\/ndl95.fr\/contact\">Contact<\/a><br \/>\n<a href=\"https:\/\/ndl95.fr\/je-fais-un-don\">Je fais un don<\/a><br \/>\n<a href=\"https:\/\/ndl95.fr\/vie-paroissiale\">Vie Paroissiale<\/a><br \/>\n<a href=\"https:\/\/ndl95.fr\/mouvements\">Mouvements<\/a><br \/>\n<a href=\"https:\/\/ndl95.fr\/mouvements-jeunes\">Jeunes de 12-30 ans<\/a><br \/>\n<a href=\"https:\/\/ndl95.fr\/mouvements-adultes\">Adultes<\/a><br \/>\n<a href=\"https:\/\/ndl95.fr\/services\">Services<\/a><br \/>\n<a href=\"https:\/\/ndl95.fr\/groupes-de-priere\">Groupes de pri\u00e8res<\/a><br \/>\n<a href=\"https:\/\/ndl95.fr\/catechese\">Cat\u00e9ch\u00e8se<\/a><br \/>\n<a href=\"https:\/\/ndl95.fr\/eveil-a-la-foi\">\u00c9veil \u00e0 la foi<\/a><br \/>\n<a href=\"https:\/\/ndl95.fr\/catechisme\">Cat\u00e9chisme<\/a><br \/>\n<a href=\"https:\/\/ndl95.fr\/catechumenat\">Cat\u00e9chum\u00e9nat<\/a><br \/>\n<a href=\"https:\/\/ndl95.fr\/historique\">Historique<\/a><br \/>\n<a href=\"https:\/\/ndl95.fr\/actualites\">Actualit\u00e9s<\/a><br \/>\n<a href=\"https:\/\/ndl95.fr\/events\">\u00c9v\u00e8nements<\/a><br \/>\n<a href=\"https:\/\/ndl95.fr\/albums\">Albums<\/a><br \/>\n<a href=\"https:\/\/ndl95.fr\/sacrements\">Sacrements<\/a><br \/>\n<a href=\"https:\/\/ndl95.fr\/devenir-chretien\">Devenir chr\u00e9tien<\/a><br \/>\n<a href=\"https:\/\/ndl95.fr\/bapteme\">Bapt\u00eame<\/a><br \/>\n<a href=\"https:\/\/ndl95.fr\/eucharistie\">Eucharistie<\/a><br \/>\n<a href=\"https:\/\/ndl95.fr\/confirmation\">Confirmation<\/a><br \/>\n<a href=\"https:\/\/ndl95.fr\/mariage\">Mariage<\/a><br \/>\n<a href=\"https:\/\/ndl95.fr\/sacrement-de-la-reconciliation\">Sacrement de la r\u00e9conciliation<\/a><br \/>\n<a href=\"https:\/\/ndl95.fr\/sacrement-des-malades\">Sacrement des malades<\/a><br \/>\n<a href=\"https:\/\/ndl95.fr\/accueil-des-familles-en-deuil\">Accueil des familles en deuil<\/a><br \/>\n<a href=\"https:\/\/ndl95.fr\/liturgie-et-priere\">Liturgie et Pri\u00e8re<\/a><br \/>\n<a href=\"https:\/\/ndl95.fr\/feuille-ensemble\">Feuille \u00ab\u00a0Ensemble\u00a0\u00bb<\/a><\/p>\n","protected":false},"excerpt":{"rendered":"<p>Plan du site Accueil Contact Je fais un don Vie Paroissiale Mouvements Jeunes de 12-30 ans Adultes Services Groupes de pri\u00e8res Cat\u00e9ch\u00e8se \u00c9veil \u00e0 la foi Cat\u00e9chisme Cat\u00e9chum\u00e9nat Historique Actualit\u00e9s \u00c9v\u00e8nements Albums Sacrements Devenir chr\u00e9tien Bapt\u00eame Eucharistie Confirmation Mariage Sacrement de la r\u00e9conciliation Sacrement des malades Accueil des familles en [&hellip;]<\/p>\n","protected":false},"author":2,"featured_media":0,"parent":0,"menu_order":0,"comment_status":"closed","ping_status":"closed","template":"","meta":{"jetpack_post_was_ever_published":false,"footnotes":""},"class_list":["post-1094","page","type-page","status-publish","hentry"],"wppr_data":{"cwp_meta_box_check":"No"},"jetpack_sharing_enabled":true,"jetpack_shortlink":"https:\/\/wp.me\/PaXxqy-hE","_links":{"self":[{"href":"https:\/\/ndl95.fr\/fr_fr\/wp-json\/wp\/v2\/pages\/1094","targetHints":{"allow":["GET"]}}],"collection":[{"href":"https:\/\/ndl95.fr\/fr_fr\/wp-json\/wp\/v2\/pages"}],"about":[{"href":"https:\/\/ndl95.fr\/fr_fr\/wp-json\/wp\/v2\/types\/page"}],"author":[{"embeddable":true,"href":"https:\/\/ndl95.fr\/fr_fr\/wp-json\/wp\/v2\/users\/2"}],"replies":[{"embeddable":true,"href":"https:\/\/ndl95.fr\/fr_fr\/wp-json\/wp\/v2\/comments?post=1094"}],"version-history":[{"count":4,"href":"https:\/\/ndl95.fr\/fr_fr\/wp-json\/wp\/v2\/pages\/1094\/revisions"}],"predecessor-version":[{"id":1099,"href":"https:\/\/ndl95.fr\/fr_fr\/wp-json\/wp\/v2\/pages\/1094\/revisions\/1099"}],"wp:attachment":[{"href":"https:\/\/ndl95.fr\/fr_fr\/wp-json\/wp\/v2\/media?parent=1094"}],"curies":[{"name":"wp","href":"https:\/\/api.w.org\/{rel}","templated":true}]}}

<h1>Plan du site</h1>
<p><a href="https://ndl95.fr/">Accueil</a><br />
<a href="https://ndl95.fr/contact">Contact</a><br />
<a href="https://ndl95.fr/je-fais-un-don">Je fais un don</a><br />
<a href="https://ndl95.fr/vie-paroissiale">Vie Paroissiale</a><br />
<a href="https://ndl95.fr/mouvements">Mouvements</a><br />
<a href="https://ndl95.fr/mouvements-jeunes">Jeunes de 12-30 ans</a><br />
<a href="https://ndl95.fr/mouvements-adultes">Adultes</a><br />
<a href="https://ndl95.fr/services">Services</a><br />
<a href="https://ndl95.fr/groupes-de-priere">Groupes de prières</a><br />
<a href="https://ndl95.fr/catechese">Catéchèse</a><br />
<a href="https://ndl95.fr/eveil-a-la-foi">Éveil à la foi</a><br />
<a href="https://ndl95.fr/catechisme">Catéchisme</a><br />
<a href="https://ndl95.fr/catechumenat">Catéchuménat</a><br />
<a href="https://ndl95.fr/historique">Historique</a><br />
<a href="https://ndl95.fr/actualites">Actualités</a><br />
<a href="https://ndl95.fr/events">Évènements</a><br />
<a href="https://ndl95.fr/albums">Albums</a><br />
<a href="https://ndl95.fr/sacrements">Sacrements</a><br />
<a href="https://ndl95.fr/devenir-chretien">Devenir chrétien</a><br />
<a href="https://ndl95.fr/bapteme">Baptême</a><br />
<a href="https://ndl95.fr/eucharistie">Eucharistie</a><br />
<a href="https://ndl95.fr/confirmation">Confirmation</a><br />
<a href="https://ndl95.fr/mariage">Mariage</a><br />
<a href="https://ndl95.fr/sacrement-de-la-reconciliation">Sacrement de la réconciliation</a><br />
<a href="https://ndl95.fr/sacrement-des-malades">Sacrement des malades</a><br />
<a href="https://ndl95.fr/accueil-des-familles-en-deuil">Accueil des familles en deuil</a><br />
<a href="https://ndl95.fr/liturgie-et-priere">Liturgie et Prière</a><br />
<a href="https://ndl95.fr/feuille-ensemble">Feuille « Ensemble »</a></p>

<p>Plan du site Accueil Contact Je fais un don Vie Paroissiale Mouvements Jeunes de 12-30 ans Adultes Services Groupes de prières Catéchèse Éveil à la foi Catéchisme Catéchuménat Historique Actualités Évènements Albums Sacrements Devenir chrétien Baptême Eucharistie Confirmation Mariage Sacrement de la réconciliation Sacrement des malades Accueil des familles en [&hellip;]</p>
